*f + 52 = 2*d, 0 = 5*f - 5*d - m. What is the tens digit of f?
2
Let l(o) = o - 4. Let r be l(4). Let w be -3 + r + 24 - -2. Suppose 8 = 4*z - 8, -p = 4*z - w. What is the units digit of p?
7
Suppose 5*v = -b + 6*v + 154, -3*b - v + 466 = 0. Let m(o) = -87*o**2 + 2*o + 1. Let s be m(-1). Let l = s + b. What is the units digit of l?
7
Suppose -q = -1, -3*z - q + 10 = -0*z. Suppose -121 = z*l - 697. Suppose l = 4*v - v. What is the units digit of v?
4
Let i = 5 + -62. Let l = -30 - i. What is the units digit of l?
7
What is the units digit of (2 + 160)/((-2769)/559 - -5)?
3
What is the tens digit of (13640/(-33))/((-12)/162)?
8
Let q = 138 - 131. Suppose 4*n + 5*g + 8 = 0, -5 - 27 = -4*n + 5*g. Suppose 57 = 3*y - 3*a, n*y - 2*a + q = 4*y. What is the tens digit of y?
1
Let k(j) be the first derivative of j**4/12 - j**3/6 + 14*j**2 + 3*j + 3. Let f(u) be the first derivative of k(u). What is the units digit of f(0)?
8
Let c(d) = 51*d**2 + 13*d + 12. Let g be c(-1). Suppose 3*m = 4 + 17. Suppose g = m*u - 2*u. What is the units digit of u?
0
Let b = 109 - 88. Suppose 3*u + 20 = u. Let q = u + b. What is the tens digit of q?
1
Suppose 5*h = -0*h - 2*g + 90, -4*h + 3*g = -72. Suppose q - 97 + h = 0. Suppose 4*w - 2*j - 142 = 0, 5*w - q = 3*j + 96. What is the units digit of w?
8
Suppose 0 = 3*n - 6, n = f + 154 - 869. What is the hundreds digit of f?
7
Suppose 2*g - 5*r - 1969 = -2*r, -r - 1 = 0. What is the tens digit of g?
8
Let g = 1011 + -5. What is the units digit of g?
6
Suppose -5*j + 28 = 3*x, 4*j + x + 4 = 5*j. Suppose 46 + 59 = j*a. What is the tens digit of a?
2
Suppose 14*c = 12*c. Suppose 0 = d - 3*p - 6 - c, -3*d = 5*p - 4. Suppose 5*h = d*h + 56. What is the units digit of h?
8
Let m be (-4 + 7)*2/(-3). What is the tens digit of (8*(m - 1))/(-2)?
1
Suppose -5*u + 4*o = 155, -u - 55 = u - 3*o. Let b = 35 + u. Suppose -15 = -3*s - b. What is the units digit of s?
5
Let w = 28 + -30. Let x be -2*w/(-2)*-1. Suppose 5*j + x*v - 275 = 0, j - v - 62 = -0*j. What is the units digit of j?
7
Let x(j) = j**2 - 6*j + 16. Let n be x(8). Suppose 5*y = 2*f + 2*f - n, 6 = -3*y - 2*f. What is the units digit of 31/6 - y/(-24)?
5
Suppose -12*o + 1266 = -2550. What is the tens digit of o?
1
Let t(j) = -j - 11. Let o be (-8 - 5) + (1 - -1). Let d be t(o). Suppose d = a - 0*a - 13. What is the tens digit of a?
1
Let u(b) = b - 8. Let j be u(4). Let v(n) = -n**2 - 5*n. Let s be v(j). What is the units digit of (s + -5 + 2)*6?
6
Let b = 74 + -124. What is the tens digit of ((-99)/(-55))/((-2)/b)?
4
Let d be (-2 + 2/(-4))*-2. Suppose -d*c - 780 = -4*p - c, -586 = -3*p + 2*c. What is the units digit of p?
6
Suppose -297 - 77 = -o. What is the tens digit of o?
7
Let x(u) = 77*u + 431. What is the hundreds digit of x(7)?
9
Suppose -7396 = -5*z + t, 3*z + z - 5*t = 5900. What is the thousands digit of z?
1
Suppose -2*n - 5*s + 29 = 0, 23 + 17 = 4*n + 4*s. What is the units digit of (-6)/(-4)*(590/30 - n)?
9
Let t(d) = 58*d - 26. Let a = -53 - -58. What is the tens digit of t(a)?
6
Suppose -3*u + 0*u = -69. Suppose 0 = -3*h - t + u + 130, 0 = -4*t. What is the units digit of h?
1
Let o = -431 - -619. Suppose -7*f = -6*f - o. What is the tens digit of f?
8
Let b(f) = -f**3 - 8*f**2 + 10*f + 21. Let g be b(-9). Suppose g*l = 19*l - 2093. What is the hundreds digit of l?
2
Suppose 3*x - 1327 = 1211. What is the hundreds digit of x?
8
Let c = -443 + 652. What is the hundreds digit of c?
2
Let p(q) = -3*q. Let j(z) = -3*z. Let a(n) = -5*j(n) + 6*p(n). What is the tens digit of a(-19)?
5
Let r(g) = -2 - 11 + 6*g + 0*g. What is the units digit of r(8)?
5
Let v = -36 + 38. Suppose v*s + 4*f = 100, -3*f = -6*s + s + 250. What is the tens digit of s?
5
Suppose 7*i = 3*r + 2*i - 77, 4*r + i = 118. Let o(g) = -9*g - 2*g + r - g**3 - 26 - 9*g**2. What is the units digit of o(-8)?
7
Suppose 55032 = 25*p + 18382. What is the units digit of p?
6
What is the tens digit of ((-23495)/111)/(2/(-6))?
3
Let y(k) = 86*k**2 - 3*k - 3. Let p be y(-1). Let q = p + 59. What is the units digit of q?
5
Suppose -3*x = 146 - 770. Suppose -4*s = 4*r - x, -4*s + 3*s - 152 = -3*r. What is the units digit of r?
1
Suppose 4*h + 3*t + 32 = -0*t, -5*t + 32 = -4*h. What is the tens digit of 36/(-30)*620/h?
9
Suppose -2*q + 3*r + 1882 = -1901, 9505 = 5*q + 2*r. What is the thousands digit of q?
1
Let c(h) be the second derivative of -h**4/12 - h**3/6 + 49*h**2/2 + 6*h. What is the units digit of c(0)?
9
Let m(q) = 218*q + 701. What is the units digit of m(4)?
3
Let w = 1352 - -435. What is the units digit of w?
7
Let i = 81 + 9. What is the tens digit of i?
9
Let c be 4/(-16) + 1/4. Suppose 2*x - 9 - 31 = c. What is the tens digit of (12/4 + -2)*x?
2
Let c(i) = -1. Let f(l) = l + 16. Let g(r) = 3*c(r) + f(r). Let z be g(-13). Suppose z*x = 4*x - 8. What is the units digit of x?
2
Suppose -2*a - 172 = -5*s, 9 + 131 = 4*s - 4*a. Suppose -46 = s*m - 35*m. What is the units digit of m?
6
Let y = 115 - 121. What is the tens digit of ((-9)/y)/((-5)/(-310))?
9
Suppose -22*c + c = 903. Let i = c + 53. What is the units digit of i?
0
Let p = 363 + -204. Suppose 0 = -3*q + p + 138. What is the tens digit of q?
9
Suppose 0*a + 3*a = 2*v + 575, 5*a = -5*v + 975. Let k = a - 104. What is the tens digit of k?
8
Let l be 8/2*20/16. Suppose l*p - 135 = 2*p. What is the units digit of p?
5
Let t = -717 + 986. What is the hundreds digit of t?
2
Suppose -728 = -2*h - 2*h + 4*u, 3*h - 513 = -8*u. What is the units digit of h?
9
Suppose -2*m = 4, 4*a + 3*m - 11 = -5. Let x(j) = -4 + j**a - j - 5 + 8*j**2 + 4. What is the units digit of x(-8)?
3
Let f = 3 - -6. Let h be (-28)/21*(-212 - 1). Suppose h = f*w - 5*w. What is the units digit of w?
1
What is the units digit of -19 + 706 + (-1)/(1 - 0)?
6
Let r(a) be the second derivative of -a**4/12 + 7*a**3/6 - 3*a**2/2 - 6*a. Let b be r(6). Suppose -b*m - m + 72 = 0. What is the tens digit of m?
1
Let w(g) = g**3 - 14*g**2 + 4*g - 19. Let z = -19 + 33. What is the units digit of w(z)?
7
Suppose 2*r = -2, 2*c = -2*c + 2*r + 222. Suppose -4 - c = -q. What is the tens digit of q?
5
Let b(c) = 5 + 2*c - 3*c + 6*c**2 - 4. Let o be b(1). Suppose -16 = -j + u, -o*j + 2*j - 5*u = -109. What is the tens digit of j?
2
Let n(o) = o + 5. Let f be n(-2). Suppose -c = -5*d + 622, 2*d - 297 = f*c - 43. Suppose -2*g = 2*g - d. What is the tens digit of g?
3
What is the tens digit of (-3)/(15/(-2)) + 3232/20?
6
Let v(g) = 19*g + 24. Let a(c) = -10*c - 12. Let x(d) = 5*a(d) + 3*v(d). Let o(p) = -p - 12. Let h be o(-17). What is the tens digit of x(h)?
4
Suppose -13*f + 4797 = -0*f. What is the hundreds digit of f?
3
Suppose -2*m + 363 = -3*d - 179, 5*m - 159 = d. What is the units digit of d/(-6) - 11/(-33)?
1
Let c(j) = -j**3 + j**2 + 2*j - 2. Let y be c(2). Let i(p) = 15*p**2 + 2*p - 2. What is the units digit of i(y)?
4
Let v(f) = -3*f**2 + 25*f + 18. Let r(l) = l**2 - 12*l - 9. Let m(a) = -7*r(a) - 3*v(a). What is the units digit of m(-8)?
5
Let q = 1183 + -969. What is the units digit of q?
4
Let m(b) = -4 + b + 0 + 1. Let w be m(7). Suppose -3*x = -3*h + 81, 0 = -2*h + w*h - 4*x - 48. What is the units digit of h?
0
Let l = 15 + 276. What is the hundreds digit of l?
2
Suppose 38 = 5*w + 2*h - 2, -5*w + 25 = -h. Suppose -344 = -w*i + 118. What is the tens digit of i?
7
Let a = -193 + 129. Let o = a - -171. What is the tens digit of o?
0
Let a(i) be the third derivative of i**4/24 + 3*i**3/2 + 3*i**2. Let c be a(-5). Let p = -1 + c. What is the units digit of p?
3
Let y be (-20)/8*8/10. Let f be (4 - (-45)/y)*-2. Let q = 11 + f. What is the units digit of q?
8
Let l(a) = -4*a**2 - 12*a + 4. Let v(n) = n**2 + n + 1. Let g(i) = l(i) + 6*v(i). What is the units digit of g(6)?
6
What is the hundreds digit of 23785/134*(-12)/(-5)?
4
Let h(l) = 3*l - 1. Suppose 0 = -3*p + 2*p + 2*w + 22, -3*p + 3*w + 81 = 0. Let k = p + -22. What is the tens digit of h(k)?
2
Let s(c) = -c**2 + 7*c + 1. Let g be s(6). Suppose g*l = 4*l - 585. What is the units digit of ((-8)/6)/(10/l)?
6
Let o(c) = 4*c + 13. Let h(s) = 5*s + 12. Let f(g) = -5*h(g) + 6*o(g). Let a be f(8). Let q = 14 + a. What is the units digit of q?
4
Let p be 5 + -9 + 10/(-5). Let v(r) = 6*r**2 + 4*r - 3. What is the tens digit of v(p)?
8
Su